**3 + 0 + 0*y + 2*y**2 - 1/20*y**5 + 1/24*y**4. What is j(2)?
-8
Let u(p) be the first derivative of -3*p**2/2 + 2*p + 2. Give u(2).
-4
Let r be -2*(-1)/(-2)*-1. Let l(z) be the third derivative of -z**6/60 - z**3/6 + 2*z**2. Let h(x) be the first derivative of l(x). Calculate h(r).
-6
Let u be ((-12)/(-3 - -1))/2. Let a(r) = -25 + 14 - 2*r + 14. Give a(u).
-3
Let k(c) = c**2 - c + 2. Let s be ((-80)/50)/((-2)/(-20)). Let a = -14 - s. What is k(a)?
4
Let h = 15 + -5. Suppose 2*q = -3*q - i - h, -5 = i. Let m be 0 - 1/(q/1). Let u(y) = -5*y**2 + y - 1. What is u(m)?
-5
Let v(r) be the second derivative of r**5/20 + 7*r**4/12 + 7*r**3/6 - r**2/2 + 5*r. Determine v(-6).
-7
Suppose 2*l - 4 = -t + 8, 2*l = 3*t - 4. Let s(u) = -3*u - 15*u**3 - 3 - 2*u**2 + 7*u**2 - 2 + 14*u**3. Determine s(t).
-1
Let j = -13/6 + 5/2. Let g(p) be the first derivative of 3 - 2*p**2 - 5*p - j*p**3. Give g(-4).
-5
Let f(q) = -q**2 + 4*q + 5. Let z(l) = -l**3 - 14*l**2 - 12*l + 18. Let o be z(-13). Determine f(o).
0
Let p(o) = o**2 - 8. Let s be (0/(-2) - 0)/1. Let i be -3 + 3/(-6)*-6. Suppose i = 4*v - 0*m - m, -3*v - 2*m = s. Calculate p(v).
-8
Let a(p) be the second derivative of p**4/12 + p**3/6 - p. Let l be (-9)/12*24/9. Determine a(l).
2
Let c be (20/(-15))/(4/6) - 0. Let h(p) = -p**3 - 3*p**2 - 4*p - 2. Give h(c).
2
Let r(n) = n**3 + n**2 - n + 6. Let j = 1 - -1. Suppose 4*a + 6 + 2 = 0. Let g = j + a. Determine r(g).
6
Let f be (-6)/((-3)/3) - -4. Suppose 3*x - 3*l - 2*l = 60, 0 = 5*x - l - 78. Let c = x - f. Let z(y) = y**2 - 5*y - 5. Determine z(c).
-5
Suppose 3*x - 2*i - 28 = 2*i, 5*x = 2*i + 56. Let t be 10/6*x/(-4). Let m(z) = -z - 5. Calculate m(t).
0
Suppose 0 = -4*c - x, 5*c + x + 4*x = 0. Let y(t) = 3*t + 0*t - 8 + c*t. Calculate y(6).
10
Let l = 196 - 197. Let t(a) be the first derivative of 4*a**2 + a - 1. Give t(l).
-7
Suppose -3*i - 4 = -5*i. Let y(s) = 4 - 4*s + 5*s - 1 + s**i. Suppose -7*f + 1007 = 1028. Give y(f).
9
Suppose -3*d - 2*n + 3*n + 11 = 0, 4*d - 33 = 5*n. Let w(a) = 2*a**d - 7*a**2 - 6 + 4*a**2 + 6*a. Calculate w(6).
-6
Let r(f) = f**3 - 4*f**2 - 3*f + 2. Let k be 3/(-18) + 62/12. Suppose 17 = k*g + 3*y - 4*y, 0 = -3*y + 9. Calculate r(g).
-10
Let t(m) be the first derivative of -m**4/4 - 5*m**3/3 + 4*m**2 + 4*m - 12. Give t(-6).
-8
Let t(j) = -j - 2. Let s be 2 + 3 + -3 - 2. What is t(s)?
-2
Let w(s) = s - 9. Let d(z) = -z**3 + 4*z**2 + 2*z - 3. Let f be d(4). Let m(l) = 3*l - 8. Let a be m(f). Give w(a).
-2
Let q(o) = -13*o + 5*o - 4 + 8*o + o. What is q(5)?
1
Let b(q) be the third derivative of q**4/12 - q**3/6 - 2*q**2. Suppose 0*a - 6 = -3*a. Determine b(a).
3
Let k(x) = -x**2 + 6*x + 10. Let w be k(7). Let m(d) = -1 - 6*d - w + 0 + d**3 + 5*d**2. Let i be (-2)/3*(11 - 2). Calculate m(i).
-4
Let x(z) = 3 - 2 - 2 + 11*z + 3*z. Give x(-1).
-15
Let f be (0 - 0)*(-1)/(-1). Let r(g) be the third derivative of -1/60*g**5 + 0 - 1/6*g**4 - 2*g**2 + f*g + 1/2*g**3. Determine r(-3).
6
Let f(v) = -v**3 - 7*v**2 + 6*v - 11. Let j be f(-8). Let b(i) = j + 2 + 0*i + i. Let y be ((-40)/(-12))/(2/(-3)). Give b(y).
2
Suppose 0*t + 5*b + 20 = 5*t, -2*b = t - 1. Let v(a) = 3 + 5*a - t*a - 2*a - a. Give v(5).
-2
Let u be (-4)/(-2) - 1 - 3. Let i = u - -2. Let c = -3 + i. Let h(k) = k**2 + 2*k. What is h(c)?
3
Let v be 4/(-6)*9/(-6). Let t(d) = 3*d**3 - 2*d + 1. Let c be t(1). Let w(z) = -2*z**2 + c*z**2 + z**2 - 1 - 3*z**3 + 4*z**3. Calculate w(v).
1
Let g(b) = -b**2 + b - 2. Let q = 22 - 9. Suppose 0 = -4*x + q - 5. Give g(x).
-4
Let a(m) = -3*m - 3 + 3*m**3 - 10*m**3 + 8*m**3 + 1. Calculate a(-2).
-4
Let m(d) = -d**2 - 3*d - 3. Let h = -40 + 38. Calculate m(h).
-1
Let a(d) = -d. Suppose 0 = 5*f + 2*m + 10, m - 1 + 6 = 4*f. Let p be a(f). Let l(y) be the second derivative of -y**3/6 - 3*y**2/2 + 2*y. What is l(p)?
-3
Let r(s) be the second derivative of s**5/20 + s**4/12 - s**3/2 + s**2 - 18*s. Give r(2).
8
Let t(h) = -5*h**3 + h**2 + 6*h - 4. Let g(a) = 6*a**3 - a**2 - 7*a + 5. Let z(o) = -4*g(o) - 5*t(o). What is z(-2)?
-8
Suppose -12 = -4*i + 3*i. Suppose -3*c - 20 = -7*c - 3*a, 3*a - i = 0. Let k(x) = -c*x + x + 4 + 2*x. Determine k(-4).
0
Let x(h) be the first derivative of 3/2*h**2 + 2/3*h**3 - 4*h - 1/4*h**4 - 1. Let q be (5 - 2) + -2 + 2. Determine x(q).
-4
Let g(z) = z**2 - 3*z**2 - 1 - 2 + 4 - 2*z. Give g(-2).
-3
Let s(p) = -2 + 3*p**3 + 9 - 4*p**3 + 0*p - 10*p**2 + p. Let j be s(-10). Let r be 5/(-4) - j/12. Let n(z) = -2*z**2 - z - 1. Give n(r).
-2
Let g(y) be the third derivative of -y**5/60 - y**4/24 - 7*y**3/6 + 3*y**2. Let t(c) = -c + 6. Let d be (-18)/(-3)*-1*-1. Let l be t(d). What is g(l)?
-7
Suppose 3*g + 3*f - 3 = 0, 19 = -5*f - 1. Let k(h) = -h**3 + 4*h**2 + 4*h - 2. Give k(g).
-7
Let d(h) = -h**2 - 7*h + 1. Let y(r) = -r - 1. Let a(i) = d(i) - 3*y(i). What is a(-5)?
-1
Let o(v) be the second derivative of -1/6*v**3 - 1/2*v**2 - 3*v + 0. Let r be (-2 - -7)*(1 + -2). Calculate o(r).
4
Suppose 3*i = -1 + 7. Let o(t) = t + 0*t**i - 4*t**2 - 1 + 3 + 2 - t**3. Suppose -m = -6*m - 20. Give o(m).
0
Let p = -4 + 5. Let v(g) = 2*g - g**2 - 2*g - 1. Give v(p).
-2
Let l(g) = -3*g + 9. Let b be 114/18 - 2/6. Calculate l(b).
-9
Let f(v) = 2*v + 7. Let p(j) = -j**3 + 4*j**2 + 2*j - 6. Let q be p(4). Let a = 2 + -9. Let r = a + q. What is f(r)?
-3
Let k(b) = -b**3 + 8*b**2 - 7*b + 5. Let g(t) = t - 12. Let r be g(12). Suppose r = -3*q - 3*j + 9, -q + 7*j + 27 = 2*j. Calculate k(q).
5
Let r = 1 - -4. Let l(y) = y + 2 - 2 - 2. Calculate l(r).
3
Suppose -3*f = -4*h + 22, -4*h - 2*f + 17 = 5. Let t(l) be the third derivative of l**4/8 + l**3/6 + l**2. Determine t(h).
13
Let a(j) = j**3 - 7*j**2 - 3*j - 12. Let u(m) = 6*m**3 - 35*m**2 - 16*m - 61. Let n(c) = -11*a(c) + 2*u(c). Let t be 1 + -2 + 0 + -6. Calculate n(t).
3
Let g(c) be the third derivative of -c**6/120 + c**5/60 - c**3 + 2*c**2. Let w be g(0). Let z(i) = i**2 + 6*i + 6. Determine z(w).
6
Let m(c) = c**3 - 7*c**2 + 6*c + 2. Let r be m(6). Let s(v) = 1 - 2 + r - v. Give s(4).
-3
Let w(c) = 3*c - 2. Let i be w(-1). Let t(u) = -u**2 - 4*u + 7. What is t(i)?
2
Let i be 4/(-4)*(-2 - 1). Let d(p) be the second derivative of -2*p**2 + 1/2*p**3 - 2*p + 0. What is d(i)?
5
Let w(d) be the first derivative of -d**4/2 - 2*d**3/3 - d**2 - d - 2. Let f(t) = -t**3 - t**2 - t. Let x(c) = 5*f(c) - 3*w(c). Determine x(0).
3
Suppose -5*k + 5*q + 5 = 0, 0 = 3*k - 5*q - 1. Let a(h) = -h - 2 - 3 + k*h - 2. Let c(f) = -2*f - 9. Let g be c(-6). Give a(g).
-4
Let l(h) = 2*h**2 - 4*h + 2. Let s be l(2). Let u(f) = 2*f - 6. Let t be u(4). Let x(g) = 3 + 2*g + 7*g - t*g + 3*g**2 - s*g**2. What is x(-5)?
-7
Let a(v) = v - 2. Let j be a(7). Suppose 0 = 2*b - 4*k + 12, 0 = -2*b + j*k - 12 - 3. Let w(f) = f**3 - f**2 + f + 1. What is w(b)?
1
Let p(t) = 3*t**2 + 3*t + 18. Let o(k) = -2*k**2 - 2*k - 12. Let w(n) = 7*o(n) + 5*p(n). Let u be (1 + -1)*(-3)/3. What is w(u)?
6
Let c(v) = -v**2 - v - 7. Let h(l) = l**2 + 2*l + 8. Let g(a) = 3*c(a) + 2*h(a). Suppose 0 = m - 2*m. What is g(m)?
-5
Suppose 2 + 1 = j. Suppose 0 = h + j*h. Let m(f) be the second derivative of -f**3/6 - 3*f**2/2 + f. Calculate m(h).
-3
Let a(j) = -j**3 - 6*j**2 - 4*j - 21. Let v be a(-6). Let m(b) be the second derivative of 0 - 1/6*b**v - 3*b - 4*b**2. Give m(-6).
-2
Let c(q) = -3*q**3 - 12*q**2 + 17*q + 11. Let y(n) = -n**3 - 6*n**2 + 8*n + 5. Let a(p) = -2*c(p) + 5*y(p). What is a(5)?
8
Let d = 1 - -2. Let c(m) be the second derivative of 1/3*m**3 - 2*m - 2*m**2 + 0. What is c(d)?
2
Let l(h) be the first derivative of -1 + 0*h**3 + h - 1/2*h**4 + 1/2*h**2. Suppose -1 = -5*i + 3*m, 5*i + 20 = -5*m + 5. Give l(i).
2
Let d(b) = 2*b - 6. Let o(j) = -5*j + 13. Let h(t) = 7*d(t) + 3*o(t). Give h(-6).
3
Let h be 440/(-50) + (-2)/10. Let g be 1/(3/h + 0). Let u(c) = -c**2 - 3*c + 1. Calculate u(g).
1
Let g(u) = -2*u**2 + 11*u - 10. Let z be g(4). Let r(n) be the third derivative of n**6/120 - n**5/60 - n**4/24 + n**3/3 - n**2. Calculate r(z).
4
Let n(k) = k**3 - 8*k**2 - 7*k - 10. Let q(p) = -p**3 - 7*p**2 - 3*p + 27. Let b be q(-6). Calculate n(b).
8
Let v(x) = -4 + 0*x + 2*x - 3*x. Let r(s) = -2*s**2 + 4*s + 1. Let q be r(3). What is v(q)?
1
Suppose -4*n + 2 = -6. Let j be 0 + -1 - (-2 - n). Let g(w) = w**2. Let s(h) = 5*h**2 - 3*h + 2. Let r(b) 